{"id":32,"date":"2014-01-27T16:46:04","date_gmt":"2014-01-27T14:46:04","guid":{"rendered":"http:\/\/www.osteopathie-praxis-zehlendorf.de\/cms\/?page_id=32"},"modified":"2019-01-14T16:33:52","modified_gmt":"2019-01-14T14:33:52","slug":"burghardt-alpermann","status":"publish","type":"page","link":"https:\/\/www.osteopathie-praxis-zehlendorf.de\/cms\/burghardt-alpermann\/","title":{"rendered":"Burghardt Alpermann"},"content":{"rendered":"<p><img loading=\"lazy\" decoding=\"async\" class=\" wp-image-269 alignleft\" src=\"https:\/\/www.osteopathie-praxis-zehlendorf.de\/cms\/wp-content\/uploads\/2014\/01\/alper.jpg\" alt=\"\" width=\"229\" height=\"287\" \/><\/p>\n<div style=\"float: left;\">\n<h2 style=\"padding-left: 37px;\">BURGHARDT ALPERMANN<\/h2>\n<ul>\n<li>Osteopath\u00a0 VOD<\/li>\n<li>Heilpraktiker<\/li>\n<li>5 Jahre Osteopathiestudium<\/li>\n<\/ul>\n<p><span style=\"padding-left: 37px;\">Schwerpunkte:<\/span><\/p>\n<ul>\n<li>S\u00e4uglings- und Kinderosteopathie<\/li>\n<li>Chirotherapie<\/li>\n<li>Behandlung multipler Schmerzbilder<\/li>\n<li>Ohrakupunktur<\/li>\n<\/ul>\n<\/div>\n<div style=\"float: left;\">Burghardt Alpermann hat innerhalb der therapeutischen Arbeit schon sehr bald sein Herz f\u00fcr die Arbeit mit Kindern \u2013 auch den allerkleinsten \u2013 entdeckt. Schon die ersten beruflichen Orientierungen als Physiotherapeut vor vielen Jahren gingen in diese Richtung. Arbeit in verschiedenen Kliniken mit dem Bezug zur Orthop\u00e4die, Kinderheilkunde, Bobaththerapie \u2013 auch mit behinderten Kindern \u2013 waren bedeutsame Stationen in der therapeutischen Entwicklung. Die sp\u00e4tere Ausbildung zum Osteopathen, dar\u00fcber hinaus die Spezialisierung f\u00fcr S\u00e4uglingsbehandlungen waren dann eine logische Folge des qualitativen Anspruchs an die Therapie. Die Ausbildung zum Heilpraktiker rundete den beruflichen Werdegang ab.<br \/>\nHeute kann der Praxisinhaber auf eine Erfahrung von mehr als 35 Jahren zur\u00fcckblicken, stets mit dem Fokus auf die Behandlung von Kindern.<br \/>\nDie Behandlung Erwachsener soll allerdings nicht den Nachrang haben, alle Altersgruppen werden gr\u00fcndlich untersucht und kompetent behandelt.<br \/>\nDie Arbeit als Heilpraktiker bietet zudem zus\u00e4tzliche M\u00f6glichkeiten der therapeutischen Intervention, z. B. Chirotherapie\u00a0oder Ohrakupunktur.<\/div>\n","protected":false},"excerpt":{"rendered":"<p>BURGHARDT ALPERMANN Osteopath\u00a0 VOD Heilpraktiker 5 Jahre Osteopathiestudium Schwerpunkte: S\u00e4uglings- und Kinderosteopathie Chirotherapie Behandlung multipler Schmerzbilder Ohrakupunktur Burghardt Alpermann hat [&hellip;]<\/p>\n","protected":false},"author":1,"featured_media":0,"parent":0,"menu_order":0,"comment_status":"closed","ping_status":"open","template":"","meta":{"site-sidebar-layout":"default","site-content-layout":"","ast-site-content-layout":"","site-content-style":"default","site-sidebar-style":"default","ast-global-header-display":"","ast-banner-title-visibility":"","ast-main-header-display":"","ast-hfb-above-header-display":"","ast-hfb-below-header-display":"","ast-hfb-mobile-header-display":"","site-post-title":"","ast-breadcrumbs-content":"","ast-featured-img":"","footer-sml-layout":"","theme-transparent-header-meta":"","adv-header-id-meta":"","stick-header-meta":"","header-above-stick-meta":"","header-main-stick-meta":"","header-below-stick-meta":"","astra-migrate-meta-layouts":"default","ast-page-background-enabled":"default","ast-page-background-meta":{"desktop":{"background-color":"var(--ast-global-color-5)","background-image":"","background-repeat":"repeat","background-position":"center center","background-size":"auto","background-attachment":"scroll","background-type":"","background-media":"","overlay-type":"","overlay-color":"","overlay-opacity":"","overlay-gradient":""},"tablet":{"background-color":"","background-image":"","background-repeat":"repeat","background-position":"center center","background-size":"auto","background-attachment":"scroll","background-type":"","background-media":"","overlay-type":"","overlay-color":"","overlay-opacity":"","overlay-gradient":""},"mobile":{"background-color":"","background-image":"","background-repeat":"repeat","background-position":"center center","background-size":"auto","background-attachment":"scroll","background-type":"","background-media":"","overlay-type":"","overlay-color":"","overlay-opacity":"","overlay-gradient":""}},"ast-content-background-meta":{"desktop":{"background-color":"var(--ast-global-color-4)","background-image":"","background-repeat":"repeat","background-position":"center center","background-size":"auto","background-attachment":"scroll","background-type":"","background-media":"","overlay-type":"","overlay-color":"","overlay-opacity":"","overlay-gradient":""},"tablet":{"background-color":"var(--ast-global-color-4)","background-image":"","background-repeat":"repeat","background-position":"center center","background-size":"auto","background-attachment":"scroll","background-type":"","background-media":"","overlay-type":"","overlay-color":"","overlay-opacity":"","overlay-gradient":""},"mobile":{"background-color":"var(--ast-global-color-4)","background-image":"","background-repeat":"repeat","background-position":"center center","background-size":"auto","background-attachment":"scroll","background-type":"","background-media":"","overlay-type":"","overlay-color":"","overlay-opacity":"","overlay-gradient":""}},"footnotes":""},"class_list":["post-32","page","type-page","status-publish","hentry"],"_links":{"self":[{"href":"https:\/\/www.osteopathie-praxis-zehlendorf.de\/cms\/wp-json\/wp\/v2\/pages\/32","targetHints":{"allow":["GET"]}}],"collection":[{"href":"https:\/\/www.osteopathie-praxis-zehlendorf.de\/cms\/wp-json\/wp\/v2\/pages"}],"about":[{"href":"https:\/\/www.osteopathie-praxis-zehlendorf.de\/cms\/wp-json\/wp\/v2\/types\/page"}],"author":[{"embeddable":true,"href":"https:\/\/www.osteopathie-praxis-zehlendorf.de\/cms\/wp-json\/wp\/v2\/users\/1"}],"replies":[{"embeddable":true,"href":"https:\/\/www.osteopathie-praxis-zehlendorf.de\/cms\/wp-json\/wp\/v2\/comments?post=32"}],"version-history":[{"count":82,"href":"https:\/\/www.osteopathie-praxis-zehlendorf.de\/cms\/wp-json\/wp\/v2\/pages\/32\/revisions"}],"predecessor-version":[{"id":345,"href":"https:\/\/www.osteopathie-praxis-zehlendorf.de\/cms\/wp-json\/wp\/v2\/pages\/32\/revisions\/345"}],"wp:attachment":[{"href":"https:\/\/www.osteopathie-praxis-zehlendorf.de\/cms\/wp-json\/wp\/v2\/media?parent=32"}],"curies":[{"name":"wp","href":"https:\/\/api.w.org\/{rel}","templated":true}]}}