{"id":2,"date":"2014-01-27T13:30:24","date_gmt":"2014-01-27T11:30:24","guid":{"rendered":"http:\/\/www.osteopathie-praxis-zehlendorf.de\/cms\/?page_id=2"},"modified":"2025-02-05T17:18:00","modified_gmt":"2025-02-05T15:18:00","slug":"osteopathie","status":"publish","type":"page","link":"https:\/\/www.osteopathie-praxis-zehlendorf.de\/cms\/","title":{"rendered":"WILLKOMMEN"},"content":{"rendered":"<p><a href=\"https:\/\/www.osteopathie-praxis-zehlendorf.de\/cms\/wp-content\/uploads\/2014\/01\/alpermann.jpg\"><br \/>\n<img loading=\"lazy\" decoding=\"async\" class=\" wp-image-5 alignright\" style=\"margin-left: 0;\" src=\"https:\/\/www.osteopathie-praxis-zehlendorf.de\/cms\/wp-content\/uploads\/2014\/01\/alpermann.jpg\" alt=\"alpermann\" width=\"242\" height=\"291\" srcset=\"https:\/\/www.osteopathie-praxis-zehlendorf.de\/cms\/wp-content\/uploads\/2014\/01\/alpermann.jpg 319w, https:\/\/www.osteopathie-praxis-zehlendorf.de\/cms\/wp-content\/uploads\/2014\/01\/alpermann-249x300.jpg 249w\" sizes=\"auto, (max-width: 242px) 100vw, 242px\" \/><\/a>Ich hei\u00dfe Burghardt Alpermann.<\/p>\n<ul>\n<li>Ich bin seit 15 Jahren Osteopath\u00a0 (VOD)<\/li>\n<li>mit einem 5-j\u00e4hrigen Osteopathiestudium und<\/li>\n<li>Heilpraktiker.<\/li>\n<\/ul>\n<p>Meine Schwerpunkte sind:<\/p>\n<ul>\n<li>S\u00e4uglings- und Kinderosteopathie,<\/li>\n<li>Chirotherapie,<\/li>\n<li>Behandlung multipler Schmerzbilder und<\/li>\n<li>Ohrakupunktur<\/li>\n<\/ul>\n<p>Ich habe innerhalb der therapeutischen Arbeit schon sehr bald mein Herz f\u00fcr die Arbeit mit Kindern \u2013 auch den allerkleinsten \u2013 entdeckt. Schon die ersten beruflichen Orientierungen als Physiotherapeut vor vielen Jahren gingen in diese Richtung. Ich arbeitete in verschiedenen Kliniken mit dem Bezug zur Orthop\u00e4die, Kinderheilkunde, Bobaththerapie \u2013 auch mit behinderten Kindern. Das waren bedeutsame Stationen in der therapeutischen Entwicklung. Die sp\u00e4tere Ausbildung zum Osteopathen, dar\u00fcber hinaus die Spezialisierung f\u00fcr S\u00e4uglingsbehandlungen waren dann eine logische Folge des qualitativen Anspruchs an die Therapie. Die Ausbildung zum Heilpraktiker rundete meinen beruflichen Werdegang ab.<\/p>\n<p>Heute kann ich auf eine Erfahrung von mehr als 35 Jahren zur\u00fcckblicken, stets mit dem Fokus auf die Behandlung von Kindern.<\/p>\n<p>Die Behandlung Erwachsener soll allerdings nicht den Nachrang haben, alle Altersgruppen werden gr\u00fcndlich untersucht und kompetent behandelt. Die Arbeit als Heilpraktiker bietet zudem zus\u00e4tzliche M\u00f6glichkeiten der therapeutischen Intervention, z. B. Chirotherapie oder Ohrakupunktur.<\/p>\n","protected":false},"excerpt":{"rendered":"<p>Ich hei\u00dfe Burghardt Alpermann. Ich bin seit 15 Jahren Osteopath\u00a0 (VOD) mit einem 5-j\u00e4hrigen Osteopathiestudium und Heilpraktiker. Meine Schwerpunkte sind: [&hellip;]<\/p>\n","protected":false},"author":1,"featured_media":0,"parent":0,"menu_order":0,"comment_status":"closed","ping_status":"open","template":"","meta":{"site-sidebar-layout":"default","site-content-layout":"","ast-site-content-layout":"","site-content-style":"default","site-sidebar-style":"default","ast-global-header-display":"","ast-banner-title-visibility":"","ast-main-header-display":"","ast-hfb-above-header-display":"","ast-hfb-below-header-display":"","ast-hfb-mobile-header-display":"","site-post-title":"","ast-breadcrumbs-content":"","ast-featured-img":"","footer-sml-layout":"","theme-transparent-header-meta":"","adv-header-id-meta":"","stick-header-meta":"","header-above-stick-meta":"","header-main-stick-meta":"","header-below-stick-meta":"","astra-migrate-meta-layouts":"default","ast-page-background-enabled":"default","ast-page-background-meta":{"desktop":{"background-color":"var(--ast-global-color-5)","background-image":"","background-repeat":"repeat","background-position":"center center","background-size":"auto","background-attachment":"scroll","background-type":"","background-media":"","overlay-type":"","overlay-color":"","overlay-opacity":"","overlay-gradient":""},"tablet":{"background-color":"","background-image":"","background-repeat":"repeat","background-position":"center center","background-size":"auto","background-attachment":"scroll","background-type":"","background-media":"","overlay-type":"","overlay-color":"","overlay-opacity":"","overlay-gradient":""},"mobile":{"background-color":"","background-image":"","background-repeat":"repeat","background-position":"center center","background-size":"auto","background-attachment":"scroll","background-type":"","background-media":"","overlay-type":"","overlay-color":"","overlay-opacity":"","overlay-gradient":""}},"ast-content-background-meta":{"desktop":{"background-color":"var(--ast-global-color-4)","background-image":"","background-repeat":"repeat","background-position":"center center","background-size":"auto","background-attachment":"scroll","background-type":"","background-media":"","overlay-type":"","overlay-color":"","overlay-opacity":"","overlay-gradient":""},"tablet":{"background-color":"var(--ast-global-color-4)","background-image":"","background-repeat":"repeat","background-position":"center center","background-size":"auto","background-attachment":"scroll","background-type":"","background-media":"","overlay-type":"","overlay-color":"","overlay-opacity":"","overlay-gradient":""},"mobile":{"background-color":"var(--ast-global-color-4)","background-image":"","background-repeat":"repeat","background-position":"center center","background-size":"auto","background-attachment":"scroll","background-type":"","background-media":"","overlay-type":"","overlay-color":"","overlay-opacity":"","overlay-gradient":""}},"footnotes":""},"class_list":["post-2","page","type-page","status-publish","hentry"],"_links":{"self":[{"href":"https:\/\/www.osteopathie-praxis-zehlendorf.de\/cms\/wp-json\/wp\/v2\/pages\/2","targetHints":{"allow":["GET"]}}],"collection":[{"href":"https:\/\/www.osteopathie-praxis-zehlendorf.de\/cms\/wp-json\/wp\/v2\/pages"}],"about":[{"href":"https:\/\/www.osteopathie-praxis-zehlendorf.de\/cms\/wp-json\/wp\/v2\/types\/page"}],"author":[{"embeddable":true,"href":"https:\/\/www.osteopathie-praxis-zehlendorf.de\/cms\/wp-json\/wp\/v2\/users\/1"}],"replies":[{"embeddable":true,"href":"https:\/\/www.osteopathie-praxis-zehlendorf.de\/cms\/wp-json\/wp\/v2\/comments?post=2"}],"version-history":[{"count":30,"href":"https:\/\/www.osteopathie-praxis-zehlendorf.de\/cms\/wp-json\/wp\/v2\/pages\/2\/revisions"}],"predecessor-version":[{"id":462,"href":"https:\/\/www.osteopathie-praxis-zehlendorf.de\/cms\/wp-json\/wp\/v2\/pages\/2\/revisions\/462"}],"wp:attachment":[{"href":"https:\/\/www.osteopathie-praxis-zehlendorf.de\/cms\/wp-json\/wp\/v2\/media?parent=2"}],"curies":[{"name":"wp","href":"https:\/\/api.w.org\/{rel}","templated":true}]}}